(-6) - (-8)/12. Suppose -3*b = 5*s - 77, 3*b - 4*b + m = 3*s. Is b a composite number?
False
Suppose 0*a + 36 = -2*a. Let j = a + -40. Let w = j + 81. Is w a composite number?
False
Suppose 0 = -5*m - 3*m + 7016. Is m composite?
False
Let r be (198/4)/(2/4). Let a = 174 + r. Suppose a = 3*u - 3*m, 79 = u + m + m. Is u a prime number?
False
Is 12*(-1)/(-1) + -1 composite?
False
Let w(z) = z + 8. Let y be w(-6). Suppose -y = -u + 1. Suppose -3*c = 2*r + u*r - 738, 2*c - r - 505 = 0. Is c a prime number?
True
Suppose 2*a = 895 + 1111. Is a/4 - 15/(-60) a composite number?
False
Is 1*(-10)/2 - -4912 a composite number?
True
Let w = 6 - 27. Let h = -10 - w. Is h prime?
True
Let x = -231 - -488. Is x composite?
False
Let l be ((-42)/(-49))/(2/42). Is 6/(-4)*(-2820)/l prime?
False
Suppose -5*r + i - 171 = 0, r + 17 = 4*i - 2. Is 1253/5 - 14/r a composite number?
False
Let x = -42 + 100. Is x prime?
False
Suppose -4*x + 2624 - 276 = 0. Is x composite?
False
Let c(n) = n - 1. Let o be c(-5). Let r = -2 - o. Is 5*-3*r/(-15) prime?
False
Suppose -c - 4*i = -169, -4*c + 655 = -3*i - 2*i. Suppose -7*h + 4*h + c = 0. Is h a composite number?
True
Suppose -5*o + o + 1791 = 5*v, -4*o = -3*v - 1799. Is o a prime number?
True
Suppose -2*b - 12 = -5*b. Suppose 0 = b*l - 6*l + 150. Suppose 3*j - l = -4*u, -16 = -4*u - 4. Is j a composite number?
True
Suppose -a + 6 = 2*a. Suppose -2 = -a*w + 2. Is w + -1 - (-5 - -3) prime?
True
Let t(o) = -2*o - 4. Let h(w) = -w - 1. Let x(r) = -3*h(r) + t(r). Let v be x(3). Suppose -2*q - v*p + 69 = -99, -5*p = q - 64. Is q a prime number?
True
Is 51*((-110)/(-12) - (-21)/42) a prime number?
False
Let o = 173 - 78. Is o a composite number?
True
Let h(i) = 8*i**3 - 5*i**2 + i + 3. Let o be h(3). Let v = o - 64. Is v a prime number?
True
Suppose -4*c = 5*u - 37, -7 = -5*c + 8. Suppose 2*p = u*p - 165. Is p a composite number?
True
Suppose -1027 = -3*c + 410. Is c a prime number?
True
Suppose -1172 = -4*j - 4*a, 1374 = 4*j - 2*a + 190. Is j a prime number?
False
Is 4/(8 - 4) - -58 composite?
False
Let h be (10/(-6))/((-2)/(-6)). Let c = 4 - h. Is (1 - 6)/((-3)/c) a composite number?
True
Suppose -s + 4*j + 1 = 0, -4*j - 3 = -s + j. Let x(q) be the third derivative of q**6/120 + 7*q**5/60 - q**4/24 + 4*q**3/3 + q**2. Is x(s) prime?
False
Suppose 0 = 3*r - 3*k - 987, 173 = 3*r + 2*k - 824. Let w = -176 + 416. Suppose 3*t = -5*n + w, r = 5*t + n - 91. Is t prime?
False
Let w(g) = -332*g**3 - 2*g**2 + 2*g + 3. Is w(-1) composite?
False
Let z = 3550 + -1644. Is z composite?
True
Let u = 12 + -5. Let y = u - 4. Suppose -7*o + 40 = -y*o. Is o prime?
False
Let p(h) = 7*h**2 + 2*h + 2. Is p(-4) a composite number?
True
Let b = 8 - 6. Let r = 28 + b. Suppose 2*h = 32 + r. Is h composite?
False
Suppose 4*w = -337 + 1793. Let l = -251 + w. Is l a prime number?
True
Let a = 4 - 6. Let p be (-2)/(-9) + 104/18. Is (p/(-15))/(a/290) composite?
True
Let p be 1*(-4)/(-6)*9. Suppose -p*f = -2*f - 60. Is f a prime number?
False
Let k(z) = -1026*z - 11. Is k(-3) composite?
False
Let y be (-8)/(-20) + 2/(-5). Suppose 5*g + 4*s - 46 = y, 0*g + 38 = 3*g + 5*s. Let j(p) = -p**3 + 6*p**2 + 3*p + 1. Is j(g) composite?
False
Suppose 5*m + 4*q = 8, -4 = -m + 2*q - 8. Suppose 3*s - 963 = -m*s + 4*i, 2*i = 3*s - 963. Is s composite?
True
Let j be (-309)/6 + (-2)/4. Let g = j - -78. Suppose 0 = f - 0*f + 5*q - 34, -3*q = f - g. Is f a prime number?
False
Let y = 571 - 320. Is y prime?
True
Let f(n) = -39*n + 37. Is f(-6) a composite number?
False
Let o = 30 - -25. Is o a composite number?
True
Let q be ((-9)/4)/((-2)/104). Is q - 3/((-3)/2) a composite number?
True
Is (-614)/8*(-25 + 21) a prime number?
True
Suppose 4*l + 71 = 195. Is l composite?
False
Let z(d) = -3*d + 3. Let v be z(1). Suppose v = w - 678 - 109. Is w a composite number?
False
Suppose -f + 5*f - 8 = 0. Suppose -f*p - 77 = -3*p. Is p prime?
False
Let h(s) = 5*s**3 + 5*s**2 - 3*s + 5. Let a = 16 - 9. Let q(d) = -6*d**3 - 5*d**2 + 4*d - 6. Let p(i) = a*h(i) + 6*q(i). Is p(5) composite?
True
Let c(q) be the first derivative of -q**2 + 34*q - 3. Let d(r) = 3*r - 35. Let a(h) = 4*c(h) + 3*d(h). Is a(0) prime?
True
Suppose c = -3, 3 - 22 = -d + 5*c. Suppose 4*y + 3*j = 3, 3 = -2*y - j + d*j. Suppose 5*m - n - 59 = -2*n, y = -m - n + 15. Is m a prime number?
True
Suppose -i + 2363 = -4*b, -9482 = -4*i - 6*b + 7*b. Is i a composite number?
False
Let m(k) = -1458*k**3 + 2*k**2 - 1. Is m(-1) prime?
True
Let h = 27 - 20. Let c(o) = -o**3 - 7*o - 1. Let j(w) = w**3 - w**2 + 7*w + 2. Let s(y) = 6*c(y) + 7*j(y). Is s(h) composite?
True
Suppose 0 = -3*i + 7*i. Let s be ((-1)/2)/((-8)/48). Suppose 2*v - 21 = -j, i = 6*j - s*j + 3. Is v a composite number?
False
Let l = -1 + 0. Let t(r) = 2*r**2 + 6*r. Let k be t(-5). Is (l + k)/(1/3) prime?
False
Suppose 2*h + 2*h - 76 = 0. Let c = 58 - h. Is c a composite number?
True
Let k = 4 - 1. Is ((-2)/k)/(3/(-18)) a composite number?
True
Suppose -2*z - 6 = 3*f - 24, 5*z - 30 = -5*f. Suppose -143 = -f*c + 3*c + 4*w, -3*w = 5*c - 277. Is c prime?
True
Let q(x) = x**2 + 8*x + 13. Let o be (1 - -2)*(-6 + 3). Is q(o) prime?
False
Let a = -6 + 8. Suppose l + a*c = 3*c + 12, 0 = -l + 4*c + 21. Is l composite?
True
Let p = 11 - 4. Is p/14 - (-313)/2 a prime number?
True
Suppose 0 = n + 1 - 3, 8 = j + n. Suppose j = 2*b - 8. Let y = -4 + b. Is y a prime number?
True
Let z = 72 - 36. Let p be ((-2)/6)/((-4)/z). Suppose -18 = -b - p*k + 13, 3*b = k + 143. Is b prime?
False
Let k = 315 - 90. Suppose -2*v + 193 = -k. Is v a composite number?
True
Let l = 0 + -6. Let p(a) = -8*a**3 - 7*a**2 + 5. Let h(u) = 23*u**3 + 21*u**2 - u - 15. Let b(v) = -6*h(v) - 17*p(v). Is b(l) prime?
True
Suppose -613 = -c + 106. Is c a prime number?
True
Let g(c) = c**3 + 15*c**2 + 6*c - 13. Is g(-12) a prime number?
True
Suppose -l + 0*g = -2*g - 281, 4*g + 1140 = 4*l. Is l composite?
True
Let q = 0 - 9. Let y be q + (-2 - 0) + 2. Is (-34)/(-1 - 3/y) composite?
True
Suppose -4*m - 4*y = m - 47, 3*y - 37 = -4*m. Suppose 2*x - m = 439. Is x composite?
False
Suppose 2*j + 0*j + 5*q = 1437, 2*q = 4*j - 2886. Is j a prime number?
False
Let v(t) = -t**3 - 3*t**2 - t + 2. Let a be v(-2). Is 21 + 1*a/(-4) a prime number?
False
Suppose -1 + 5 = -l. Suppose -13 = 5*h + 2. Is 2/(h/(342/l)) prime?
False
Let t = 81 - -37. Is t prime?
False
Let y = -26 + 14. Is (-394)/(-3) - (-4)/y a prime number?
True
Suppose -6 + 14 = -2*b. Let z be b/8 + (-26)/(-4). Suppose -u - z*t + 39 = -2*t, -t = 3*u - 62. Is u composite?
False
Let m = 7 + -2. Suppose 2*v = v + b + 35, -v + 35 = -m*b. Is v a prime number?
False
Suppose -5 = -3*m + 4. Suppose -50 = -m*t + 109. Is t prime?
True
Let j(k) be the first derivative of -21*k**2/2 - 8*k + 10. Is j(-15) a prime number?
True
Is 0 - (75*-43 - -2) prime?
False
Let i be (43 - 3) + (-1 - 2). Suppose -h + i = g, -2*h = -g + 18 + 19. Is g a prime number?
True
Suppose 4*w + 71 = -0*w + 5*t, -t - 58 = 3*w. Let n = w - -99. Suppose -2*a = -3*o + 261, -o + 2*a = -a - n. Is o prime?
True
Let u be ((-2)/(-1))/(2/(-163)). Let i = -110 - u. Is i a prime number?
True
Let h be (2 + 0)/((-2)/(-4)). Let k(v) be the second derivative of v**5/20 - v**3/2 - 3*v**2/2 - 3*v. Is k(h) a prime number?
False
Let v be 1 + -2 + 1/(-1). Let t(y) be the second derivative of -4*y**3/3 - 3*y**2/2 + y. Is t(v) prime?
True
Let s = -123 + 377. Is s a prime number?
False
Let g = -3 + 5. Let b(m) = -2*m**2 - 2*m + 3. Let u be b(g). Is u/6*-74 - -2 composite?
False
Let q(s) = s**3 - 5*s**2 + 7*s + 1. Suppose 2 = 2*h + 4*f, 3*h - 12 = 2*f - 5*f. Let w be q(h). Suppose 0*c + w = 4*c. Is c composite?
False
Suppose 0 = -2*l - 2*b - 20, -2*b = -4*b. Let j be ((-16)/l)/((-3)/(-180)). Let m = 149 - j. Is m a composite number?
False
Let c = 171 + -88. Is c a composite number?
False
Is 4/(-20) + 2512/10 composite?
False
Let m be (-5 - -8)*(-4)/3. Is 1308/20 - m/(-10) a prime number?
False
Let m = -40 - -78. Is m a prime number?
False
Let w(g) = 5 - 8*g + 5 - 3. Let s be w(-5). Suppose 2*z + 1 - s = 0. Is z a prime number?
True
Let a(z) = -22*z - 1. Suppose -32 = 4*u + 4*y, 0 = -5*u - 4*y - 0*y - 42. Is a(u) a prime number?
False
Suppose -4*c = -c - 15. Suppose 43 = d - 6*i + 8*i, 0 = -3*d - c*i + 127. Is (d - 1)*7/14 a composite 